igit of r?
4
Suppose 3*w - 34 = -m - 8, -4*w = 0. What is the tens digit of m?
2
Suppose p = -f + 57, 3*p - 12 = -0*p. What is the units digit of f?
3
Let m(l) = l**3 - 6*l**2 + 2*l + 2. Let c = 6 - 0. What is the units digit of m(c)?
4
Let w be (-2)/(2 + (-40)/18). Let n = -1 - -1. Suppose s - w = -n*s. What is the units digit of s?
9
Suppose 0 = 3*z - 0*z - 15. Suppose z*q + 3*p = 3 + 9, 2*p - 8 = 3*q. Suppose 2*u = -q + 4. What is the units digit of u?
2
What is the units digit of (-24)/15*(-75)/6?
0
Let k be -2 - (3 + 0)/(-3). Let w be (-26 + -1)*k/3. Suppose 0 = -a + 4 + w. What is the units digit of a?
3
Suppose 0 = -4*n - d - 39, -4*d - 4 = -2*n - 10. Let w be (0 - 3)*(-14)/3. Let b = w + n. What is the units digit of b?
5
Let t = 19 + -6. Suppose -t = -4*g + 3. Suppose -o + 4 = -g. What is the units digit of o?
8
Let r(j) = -j**2 + j - 5. Let v be ((-2)/(-3))/(12/54). Let d(n) = n**2 - n + 6. Let p(g) = v*d(g) + 2*r(g). What is the units digit of p(0)?
8
Let b be -3 - 0 - (-12 - -9). What is the tens digit of b/((-12)/4) + 27?
2
Let q be (16/20)/((-1)/5). Let h = 16 - q. What is the tens digit of h?
2
Let m(y) = -y - 1. Suppose 5*j - 5 = -20. Let u be m(j). Let p = 7 + u. What is the units digit of p?
9
Suppose -4*v - 2 + 16 = 5*k, 13 = 3*v + 5*k. Let h be 1 - ((-3)/1 + v). Let q = h - -9. What is the tens digit of q?
1
Let c be (15/10)/(3/4). Suppose -2 = j - 4*g - 8, g = -c*j + 39. What is the tens digit of j?
1
Let c(v) = -v**3 + 6*v**2 - 6*v + 5. Let h be c(5). Suppose h = -4*g - 2*i + 82, 0 = -3*g - i + 13 + 48. What is the tens digit of g?
2
Let z = -21 + 56. What is the tens digit of z?
3
Let n(c) = c**2 - 5*c + 2. Let r be n(6). Let h = r + -6. What is the units digit of h?
2
Let g be (37 + 3)/2 + 2. Let x = g + -13. What is the units digit of x?
9
Let a(i) = i + 3 - 2*i - 8. Let d be a(-4). Let m = d + 3. What is the units digit of m?
2
Suppose 2858 = 9*p + 176. What is the hundreds digit of p?
2
Let u be (-43)/5 - 2/5. What is the units digit of 18*3/(u/(-2))?
2
Let s(a) = 2*a**3 + 2*a**2 - 2*a + 1. Suppose -4*l + 4*f = l + 6, -16 = -4*l - 2*f. Let r be 2/4*(0 + l). What is the units digit of s(r)?
3
Suppose 3 = z + 2. Suppose 0 = 2*t + z - 3. What is the units digit of t?
1
Suppose 0 = -4*a - 5*h + 36, -5*a - 3*h + 44 - 12 = 0. Suppose -4 = y - a*d - 19, 3*d = -15. Let i(p) = -p**2 - 5*p + 1. What is the units digit of i(y)?
1
Let u = 6 - 3. Suppose 0*l = -u*l - 18. Let y = l - -12. What is the units digit of y?
6
Suppose 3*i - 376 = n, -3*i - 5*n = -0*i - 370. What is the hundreds digit of i?
1
Let w(z) = -13*z + 7. What is the hundreds digit of w(-23)?
3
Suppose -2*l + 12 = 2*l. Let p = 11 - l. What is the units digit of p?
8
Let l(x) = 3*x**2 + 13*x - 10. What is the tens digit of l(-8)?
7
Let t = 5 - 2. Suppose t*p - 13 = -4. Suppose 1 = -p*d + 7. What is the units digit of d?
2
Let l(g) = -g + 16. Let u be l(6). Suppose 3*c + 2*c = -10. Let t = u - c. What is the tens digit of t?
1
Suppose 5*t - 841 = -3*o, -3*t + 525 = -9*o + 4*o. What is the units digit of t?
0
Suppose 4*q + 19 = 5*y + 149, 2*q = 2*y + 66. What is the tens digit of q?
3
Let c be 138/24 - 2/(-8). What is the units digit of (-16)/c*(-18)/8?
6
Let i(y) = y + 13. Let p be ((-1)/(-2))/(5/(-90)). Let l be i(p). Let q = 8 - l. What is the units digit of q?
4
Suppose 0 = 2*b - 5*b. Suppose x + 0*x + 2 = b. What is the units digit of -2 - (-1)/(x/(-20))?
8
Let j = -25 - -14. Let w = -7 - j. Suppose -4*u = 2*i - 30, 0 = -w*i - 3 - 1. What is the units digit of u?
8
Suppose -5*o + 67 = 4*w, 5*w - 3*o = -o + 92. Let r = w - -4. What is the tens digit of r?
2
Suppose -3*q = 2*r - 0*r - 16, r + 4*q - 13 = 0. What is the units digit of r?
5
Let h be (-4 - 0)/((-2)/(-2)). What is the units digit of (-5)/(-10) - 2/h?
1
Let p = 137 + -79. Let l = p - 106. What is the units digit of 6/15 - l/5?
0
Let x be -1*(-2 - -3)/1. Let q = x - -6. Suppose -2*g = -3*g + 1, -2*y = g - q. What is the units digit of y?
2
Suppose i - 2*x + 72 = 3*i, -3*i + 2*x + 113 = 0. What is the units digit of i - (-1 - -6 - 3)?
5
Let o = -7 + 4. Let n = 10 - o. Suppose 5*j + k - n = 0, -18 = -2*j - 3*k - 5. What is the units digit of j?
2
Let u(o) = -o - 3. Let l = 0 - 3. Let s be u(l). Let t(w) = -w + 8. What is the units digit of t(s)?
8
Let s(x) = -6*x - 3 + 3. What is the tens digit of s(-2)?
1
Suppose 0*a - 5*a - 8 = -3*k, 0 = -2*a + 4. Let y(w) = -w + 7. Let c be y(k). Suppose d = c - 0. What is the units digit of d?
1
Suppose 5*p - 12 = p. Suppose -p*f + 5 = -31. Suppose 0*n = -2*n + f. What is the units digit of n?
6
Let o be (-1)/(-3) + 23/3. Suppose 5*k + o = -4*u + 30, -k - 4*u = 2. What is the tens digit of 86/k + 1/(-3)?
1
Let r(t) = -t**3 + 5*t**2 - t - 4. What is the units digit of r(2)?
6
Let p(b) = b**2 - b + 2. Let l be p(2). Let t = -2 + l. Suppose -3*h = -2*c - 1, 0 = t*h - 5 - 1. What is the units digit of c?
4
What is the hundreds digit of (2*(-1236)/(-16))/((-9)/(-12))?
2
Suppose 2*u - 45 = -u. What is the units digit of ((-6)/u)/(2/(-10))?
2
Let t(b) = b. Let l(n) = n**2 - 4*n - 1. Let z be l(3). Let o be t(z). Let d = 5 - o. What is the units digit of d?
9
Let u be (4 + -8)*1/(-1). Suppose -5*f - n + 85 = 4*n, 4*f - u*n = 92. What is the units digit of f?
0
Suppose 0 = 5*r + 2*s - 25, -2*r - 5*s + 5 = -5. Suppose -r*m = -w - 153, m = -3*m - w + 126. What is the tens digit of m/2 - (-3)/(-6)?
1
What is the tens digit of (-926)/(-8) - (-1)/(-8)*-2?
1
Suppose u = -4*v + 424, -6*v + 295 = -3*v - 5*u. What is the tens digit of v?
0
Let b = -37 + 57. Suppose 4*k = -k - b. Let j = 13 + k. What is the units digit of j?
9
What is the units digit of 31*(1 + 0) + 3?
4
Let q(t) = t**2 + t + 3. Let b be q(0). Suppose b*o - 3 = -0. What is the units digit of o?
1
Let k(c) = 3*c**2 + c - 4. Let l be k(-3). Let m be l/6 + 2/(-6). Suppose -3*a + 0*z + 12 = m*z, -z = 0. What is the units digit of a?
4
Let h = 28 + -6. What is the units digit of h?
2
Let y = 13 - 7. Suppose 2*s = y*s + 28. What is the tens digit of (s - -18) + 0/1?
1
Suppose 0 = -11*u + 8*u - 6. What is the units digit of (u/4)/(10/(-120))?
6
Suppose -j - v + 46 = 0, 2*j - 3*v - 219 = -2*j. What is the units digit of j?
1
Let v(l) = l**2 - l + 1. Let t(q) = q**3 + 2*q**2 - 5*q + 5. Let y(p) = t(p) - 6*v(p). What is the units digit of y(4)?
3
Let m = 50 - 28. What is the tens digit of m?
2
Let k(z) = 4*z**2 + 10*z + 3. Suppose 5*g - 20 = g. Let c(r) = 7*r**2 + 20*r + 7. Let p(n) = g*k(n) - 3*c(n). What is the tens digit of p(-6)?
1
Let l = 102 - -28. What is the hundreds digit of l?
1
Suppose 4*f - 6*f = 0. Suppose f = -3*k - 0*k - 48. What is the units digit of 4/k - 26/(-8)?
3
Suppose 0 = -y + 4 - 0. What is the units digit of y?
4
Let y(u) = -u**2 - u + 45. What is the tens digit of y(0)?
4
Let f(k) = k**3 + 8*k**2 - 11*k - 13. Suppose 0 = -z - 4*z - 45. What is the units digit of f(z)?
5
Suppose -2*n + 10 + 0 = 0. Suppose n*d - 4*d - 4 = 0. What is the units digit of d?
4
Let m(z) = -z**2 - 14*z - 3. What is the tens digit of m(-6)?
4
Let h = -24 + 128. What is the tens digit of h?
0
Let w = 13 + -28. What is the units digit of 3/(-9)*w + 2?
7
Let q(h) = h**3 + 6*h**2 + h + 7. Let k be (-4)/(-6) + (-1183)/(-21). Let m be k/(-9) - 3/(-9). What is the units digit of q(m)?
1
Let l(d) = 4*d + 0 - 5 - 6*d + 0*d. What is the units digit of l(-6)?
7
Suppose -2*w - 4*v = -v - 9, 4*v = -12. What is the units digit of w?
9
Let h(x) = -x**2 - 9*x - 8. Let c be h(-7). Suppose 0 = 3*n - c*n. Suppose 0*w - w = n, 4*a = 3*w + 44. What is the tens digit of a?
1
Suppose -3*q + 42 + 0 = 0. Suppose q = m + 4. What is the units digit of 2/(-4)*(0 - m)?
5
Suppose -4*d = -5*o + 31, 0*o = -o - 5*d - 17. Suppose 3 = q + 1. Suppose -q*p + 3*s + 1 = -1, -4*p - o*s + 22 = 0. What is the units digit of p?
4
Suppose 0 = -x - 3*x + 24. Let r be (-8)/(2*(-2)/40). Suppose f + r = x*f. What is the units digit of f?
6
Suppose a = 5*v + 7 + 11, 3*v + 12 = a. Suppose 2*f + 1 = 5. What is the units digit of ((-4)/(-3))/(f/a)?
2
Let c(k) = k**3 + 9*k**2 - k - 7. Let g be c(-9). Suppose 4*z = 4*v - 80, -g*v + 0*v + 52 = 2*z. What is the units digit of v?
3
Let o(p) = p**2 + 3*p + 8. Let w be o(6). Suppose 3*h - 5*k - w = 0, -4*h + 2*k + 0*k + 92 = 0. What